[INFO] fetching crate virtual_view_dom 0.2.1...
[INFO] checking virtual_view_dom-0.2.1 against master#af3c6e733a40e671550e0f0f5aeecaa13772ba56 for pr-74989
[INFO] extracting crate virtual_view_dom 0.2.1 into /workspace/builds/worker-13/source
[INFO] validating manifest of crates.io crate virtual_view_dom 0.2.1 on toolchain af3c6e733a40e671550e0f0f5aeecaa13772ba56
[INFO] running `Command { std: "/workspace/cargo-home/bin/cargo" "+af3c6e733a40e671550e0f0f5aeecaa13772ba56" "read-manifest" "--manifest-path" "Cargo.toml", kill_on_drop: false }`
[INFO] started tweaking crates.io crate virtual_view_dom 0.2.1
[INFO] finished tweaking crates.io crate virtual_view_dom 0.2.1
[INFO] tweaked toml for crates.io crate virtual_view_dom 0.2.1 written to /workspace/builds/worker-13/source/Cargo.toml
[INFO] running `Command { std: "/workspace/cargo-home/bin/cargo" "+af3c6e733a40e671550e0f0f5aeecaa13772ba56" "generate-lockfile" "--manifest-path" "Cargo.toml" "-Zno-index-update", kill_on_drop: false }`
[INFO] running `Command { std: "/workspace/cargo-home/bin/cargo" "+af3c6e733a40e671550e0f0f5aeecaa13772ba56" "fetch" "--locked" "--manifest-path" "Cargo.toml", kill_on_drop: false }`
[INFO] [stderr]     Blocking waiting for file lock on package cache
[INFO] running `Command { std: "docker" "create" "-v" "/var/lib/crater-agent-workspace/builds/worker-13/target:/opt/rustwide/target:rw,Z" "-v" "/var/lib/crater-agent-workspace/builds/worker-13/source:/opt/rustwide/workdir:ro,Z" "-v" "/var/lib/crater-agent-workspace/cargo-home:/opt/rustwide/cargo-home:ro,Z" "-v" "/var/lib/crater-agent-workspace/rustup-home:/opt/rustwide/rustup-home:ro,Z" "-e" "SOURCE_DIR=/opt/rustwide/workdir" "-e" "CARGO_TARGET_DIR=/opt/rustwide/target" "-e" "CARGO_HOME=/opt/rustwide/cargo-home" "-e" "RUSTUP_HOME=/opt/rustwide/rustup-home" "-w" "/opt/rustwide/workdir" "-m" "1610612736" "--user" "0:0" "--network" "none" "rustops/crates-build-env@sha256:d92eaeed33fa75130ca1ee6c8a01d1ffb62bac859dfdfb3450e3e5d1c0146529" "/opt/rustwide/cargo-home/bin/cargo" "+af3c6e733a40e671550e0f0f5aeecaa13772ba56" "metadata" "--no-deps" "--format-version=1", kill_on_drop: false }`
[INFO] [stdout] c07d911575d48eeeb72f4617a93b58dcce56d59e676d1d2bdd6f012a10e6695b
[INFO] [stderr] WARNING: Your kernel does not support swap limit capabilities or the cgroup is not mounted. Memory limited without swap.
[INFO] running `Command { std: "docker" "start" "-a" "c07d911575d48eeeb72f4617a93b58dcce56d59e676d1d2bdd6f012a10e6695b", kill_on_drop: false }`
[INFO] running `Command { std: "docker" "inspect" "c07d911575d48eeeb72f4617a93b58dcce56d59e676d1d2bdd6f012a10e6695b", kill_on_drop: false }`
[INFO] running `Command { std: "docker" "rm" "-f" "c07d911575d48eeeb72f4617a93b58dcce56d59e676d1d2bdd6f012a10e6695b", kill_on_drop: false }`
[INFO] [stdout] c07d911575d48eeeb72f4617a93b58dcce56d59e676d1d2bdd6f012a10e6695b
[INFO] running `Command { std: "docker" "create" "-v" "/var/lib/crater-agent-workspace/builds/worker-13/target:/opt/rustwide/target:rw,Z" "-v" "/var/lib/crater-agent-workspace/builds/worker-13/source:/opt/rustwide/workdir:ro,Z" "-v" "/var/lib/crater-agent-workspace/cargo-home:/opt/rustwide/cargo-home:ro,Z" "-v" "/var/lib/crater-agent-workspace/rustup-home:/opt/rustwide/rustup-home:ro,Z" "-e" "SOURCE_DIR=/opt/rustwide/workdir" "-e" "CARGO_TARGET_DIR=/opt/rustwide/target" "-e" "CARGO_INCREMENTAL=0" "-e" "RUST_BACKTRACE=full" "-e" "RUSTFLAGS=--cap-lints=forbid" "-e" "CARGO_HOME=/opt/rustwide/cargo-home" "-e" "RUSTUP_HOME=/opt/rustwide/rustup-home" "-w" "/opt/rustwide/workdir" "-m" "1610612736" "--user" "0:0" "--network" "none" "rustops/crates-build-env@sha256:d92eaeed33fa75130ca1ee6c8a01d1ffb62bac859dfdfb3450e3e5d1c0146529" "/opt/rustwide/cargo-home/bin/cargo" "+af3c6e733a40e671550e0f0f5aeecaa13772ba56" "check" "--frozen" "--all" "--all-targets" "--message-format=json", kill_on_drop: false }`
[INFO] [stdout] 5c53829d6488a75130b0a449a050c5ea31d055a757a3a4dc0b0fb17b10183c56
[INFO] [stderr] WARNING: Your kernel does not support swap limit capabilities or the cgroup is not mounted. Memory limited without swap.
[INFO] running `Command { std: "docker" "start" "-a" "5c53829d6488a75130b0a449a050c5ea31d055a757a3a4dc0b0fb17b10183c56", kill_on_drop: false }`
[INFO] [stderr]    Compiling serde v1.0.116
[INFO] [stderr]    Compiling syn v1.0.40
[INFO] [stderr]    Compiling semver-parser v0.7.0
[INFO] [stderr]    Compiling stdweb-internal-runtime v0.1.5
[INFO] [stderr]     Checking itoa v0.4.6
[INFO] [stderr]    Compiling sha1 v0.6.0
[INFO] [stderr]    Compiling base-x v0.2.6
[INFO] [stderr]     Checking discard v1.0.4
[INFO] [stderr]    Compiling ryu v1.0.5
[INFO] [stderr]    Compiling semver v0.9.0
[INFO] [stderr]    Compiling rustc_version v0.2.3
[INFO] [stderr]    Compiling stdweb v0.4.20
[INFO] [stderr]     Checking serde_json v1.0.57
[INFO] [stderr]    Compiling serde_derive v1.0.116
[INFO] [stderr]     Checking messenger v0.1.0
[INFO] [stderr]    Compiling stdweb-internal-macros v0.2.9
[INFO] [stderr]    Compiling stdweb-derive v0.5.3
[INFO] [stderr]     Checking virtual_view v0.2.2
[INFO] [stdout] error[E0599]: no method named `get_type_id` found for reference `&(dyn component::Component + 'static)` in the current scope
[INFO] [stdout]   --> /opt/rustwide/cargo-home/registry/src/github.com-1ecc6299db9ec823/virtual_view-0.2.2/src/view/component.rs:73:14
[INFO] [stdout]    |
[INFO] [stdout] 73 |         self.get_type_id() == other.get_type_id()
[INFO] [stdout]    |              ^^^^^^^^^^^ method not found in `&(dyn component::Component + 'static)`
[INFO] [stdout] 
[INFO] [stdout] 
[INFO] [stdout] error[E0599]: no method named `get_type_id` found for reference `&(dyn component::Component + 'static)` in the current scope
[INFO] [stdout]   --> /opt/rustwide/cargo-home/registry/src/github.com-1ecc6299db9ec823/virtual_view-0.2.2/src/view/component.rs:73:37
[INFO] [stdout]    |
[INFO] [stdout] 73 |         self.get_type_id() == other.get_type_id()
[INFO] [stdout]    |                                     ^^^^^^^^^^^ method not found in `&(dyn component::Component + 'static)`
[INFO] [stdout] 
[INFO] [stdout] 
[INFO] [stdout] error[E0599]: no method named `get_type_id` found for reference `&Arc<(dyn component::Component + 'static)>` in the current scope
[INFO] [stdout]   --> /opt/rustwide/cargo-home/registry/src/github.com-1ecc6299db9ec823/virtual_view-0.2.2/src/view/view_kind.rs:57:50
[INFO] [stdout]    |
[INFO] [stdout] 57 |                 &ViewKind::Component(ref b) => a.get_type_id() == b.get_type_id(),
[INFO] [stdout]    |                                                  ^^^^^^^^^^^ method not found in `&Arc<(dyn component::Component + 'static)>`
[INFO] [stdout] 
[INFO] [stdout] 
[INFO] [stdout] error[E0599]: no method named `get_type_id` found for reference `&Arc<(dyn component::Component + 'static)>` in the current scope
[INFO] [stdout]   --> /opt/rustwide/cargo-home/registry/src/github.com-1ecc6299db9ec823/virtual_view-0.2.2/src/view/view_kind.rs:57:69
[INFO] [stdout]    |
[INFO] [stdout] 57 |                 &ViewKind::Component(ref b) => a.get_type_id() == b.get_type_id(),
[INFO] [stdout]    |                                                                     ^^^^^^^^^^^ method not found in `&Arc<(dyn component::Component + 'static)>`
[INFO] [stdout] 
[INFO] [stdout] 
[INFO] [stdout] error[E0599]: no method named `get_type_id` found for reference `&(dyn component::Component + 'static)` in the current scope
[INFO] [stdout]    --> /opt/rustwide/cargo-home/registry/src/github.com-1ecc6299db9ec823/virtual_view-0.2.2/src/view/view_kind.rs:108:67
[INFO] [stdout]     |
[INFO] [stdout] 108 |             &ViewKind::Component(ref component) => (&**component).get_type_id(),
[INFO] [stdout]     |                                                                   ^^^^^^^^^^^ method not found in `&(dyn component::Component + 'static)`
[INFO] [stdout] 
[INFO] [stdout] 
[INFO] [stdout] error: aborting due to 5 previous errors
[INFO] [stdout] 
[INFO] [stdout] 
[INFO] [stdout] For more information about this error, try `rustc --explain E0599`.
[INFO] [stdout] 
[INFO] [stderr] error: could not compile `virtual_view`.
[INFO] [stderr] 
[INFO] [stderr] To learn more, run the command again with --verbose.
[INFO] [stderr] warning: build failed, waiting for other jobs to finish...
[INFO] [stderr] error: build failed
[INFO] running `Command { std: "docker" "inspect" "5c53829d6488a75130b0a449a050c5ea31d055a757a3a4dc0b0fb17b10183c56", kill_on_drop: false }`
[INFO] running `Command { std: "docker" "rm" "-f" "5c53829d6488a75130b0a449a050c5ea31d055a757a3a4dc0b0fb17b10183c56", kill_on_drop: false }`
[INFO] [stdout] 5c53829d6488a75130b0a449a050c5ea31d055a757a3a4dc0b0fb17b10183c56
